ors of 63146170?
2, 5, 6314617
What are the prime factors of 226828868?
2, 7, 8101031
What are the prime factors of 170416253?
7, 53, 459343
What are the prime factors of 111116161?
13, 19, 23677
List the prime factors of 46806966.
2, 3, 2600387
List the prime factors of 173481841.
13, 47, 499, 569
What are the prime factors of 234629884?
2, 73, 787, 1021
What are the prime factors of 124963195?
5, 7, 71, 50287
List the prime factors of 431371974.
2, 3, 11, 17, 37, 10391
List the prime factors of 55440424.
2, 13, 191, 2791
List the prime factors of 228577834.
2, 163, 701159
What are the prime factors of 6554754964?
2, 101, 16224641
List the prime factors of 76511186.
2, 17, 67, 33587
What are the prime factors of 32210344?
2, 137, 29389
What are the prime factors of 91576513?
7, 1031, 12689
What are the prime factors of 1791851215?
5, 7, 11, 863, 5393
List the prime factors of 188611498.
2, 17, 5547397
What are the prime factors of 370626579?
3, 41180731
List the prime factors of 113601502.
2, 7, 1159199
List the prime factors of 118248332.
2, 29562083
What are the prime factors of 179043281?
12043, 14867
What are the prime factors of 202305777?
3, 83, 812473
What are the prime factors of 1565930477?
3631, 431267
List the prime factors of 71650302.
2, 3, 103, 269, 431
List the prime factors of 1066731993.
3, 283, 418819
What are the prime factors of 12054611?
2333, 5167
List the prime factors of 155504335.
5, 7, 2039, 2179
List the prime factors of 196889318.
2, 98444659
What are the prime factors of 217749134?
2, 108874567
List the prime factors of 5939354238.
2, 3, 989892373
List the prime factors of 135549762.
2, 3, 19, 1189033
What are the prime factors of 364472114?
2, 233, 782129
List the prime factors of 1013274681.
3, 17, 3823, 5197
List the prime factors of 515677825.
5, 13, 23, 149, 463
List the prime factors of 8950416845.
5, 61, 29345629
What are the prime factors of 95155160?
2, 5, 653, 3643
List the prime factors of 1813075076.
2, 19, 23856251
List the prime factors of 610387485.
3, 5, 53, 767783
What are the prime factors of 1100636749?
1100636749
List the prime factors of 46756253.
313, 149381
List the prime factors of 185736939.
3, 3257, 19009
List the prime factors of 27659811.
3, 67, 241, 571
List the prime factors of 439560313.
17, 25856489
What are the prime factors of 609963978?
2, 3, 13, 17, 27059
List the prime factors of 1654825402.
2, 311, 1109, 2399
What are the prime factors of 2881808939?
2881808939
List the prime factors of 345890925.
3, 5, 17, 43, 701
List the prime factors of 59244936.
2, 3, 271, 9109
What are the prime factors of 276307281?
3, 1137067
List the prime factors of 3924406808.
2, 7, 31, 2260603
What are the prime factors of 2300841100?
2, 5, 19, 293, 4133
What are the prime factors of 162059772?
2, 3, 7, 29, 71, 937
List the prime factors of 136561146.
2, 3, 4483, 5077
What are the prime factors of 2998278660?
2, 3, 5, 13, 19, 307, 659
List the prime factors of 40194567.
3, 7, 137, 4657
What are the prime factors of 430958002?
2, 97, 2221433
List the prime factors of 2145789147.
3, 17, 769, 54713
What are the prime factors of 1483203342?
2, 3, 73, 367, 9227
List the prime factors of 78935207.
13, 31, 195869
List the prime factors of 141702669.
3, 5248247
List the prime factors of 80882598.
2, 3, 2579, 5227
List the prime factors of 61684005.
3, 5, 349, 11783
List the prime factors of 118196396.
2, 631, 46829
List the prime factors of 230809939.
43, 157, 179, 191
List the prime factors of 56041557.
3, 11, 13, 130633
What are the prime factors of 41513264?
2, 13, 199583
List the prime factors of 115422815.
5, 19, 1214977
What are the prime factors of 46927915?
5, 9385583
What are the prime factors of 201011547?
3, 11, 6091259
What are the prime factors of 764756818?
2, 7, 751, 10391
List the prime factors of 984087333.
3, 36447679
What are the prime factors of 592204232?
2, 74025529
List the prime factors of 3877408.
2, 121169
List the prime factors of 50489879.
11, 103, 44563
List the prime factors of 2198449442.
2, 7, 157032103
What are the prime factors of 414588708?
2, 3, 23, 587, 853
List the prime factors of 1145558703.
3, 381852901
What are the prime factors of 17239241?
17, 293, 3461
What are the prime factors of 34816870?
2, 5, 11, 307, 1031
What are the prime factors of 3858188353?
3858188353
List the prime factors of 52312120.
2, 5, 7, 23, 8123
List the prime factors of 682549340.
2, 5, 11, 3102497
What are the prime factors of 352304055?
3, 5, 79, 113, 877
List the prime factors of 649527897.
3, 313, 691723
List the prime factors of 24974973.
3, 308333
List the prime factors of 1741727394.
2, 3, 11, 23, 127487
List the prime factors of 166275509.
166275509
List the prime factors of 574243395.
3, 5, 11, 97, 35879
List the prime factors of 978328074.
2, 3, 163054679
What are the prime factors of 134163232?
2, 7, 23, 26041
What are the prime factors of 68955938?
2, 37, 931837
List the prime factors of 65817502.
2, 32908751
What are the prime factors of 2137471751?
1381, 1547771
What are the prime factors of 41709680?
2, 5, 47, 11093
List the prime factors of 9498360.
2, 3, 5, 79153
What are the prime factors of 671604459?
3, 223868153
What are the prime factors of 33280439?
33280439
What are the prime factors of 1615888868?
2, 11, 36724747
List the prime factors of 89268982.
2, 11, 4057681
List the prime factors of 40469685.
3, 5, 353, 7643
List the prime factors of 1889498581.
631, 643, 4657
List the prime factors of 7014561204.
2, 3, 7, 431, 193751
What are the prime factors of 81061967?
7, 17, 167, 4079
What are the prime factors of 15198576?
2, 3, 316637
What are the prime factors of 2434657066?
2, 59, 2851, 7237
List the prime factors of 40192289.
29, 619, 2239
What are the prime factors of 11113687?
13, 854899
What are the prime factors of 1038141182?
2, 13, 39928507
List the prime factors of 1545515865.
3, 5, 1483, 23159
What are the prime factors of 299065696?
2, 127, 73589
What are the prime factors of 1355543903?
7, 193649129
List the prime factors of 190111421.
190111421
List the prime factors of 49165883.
13, 191, 19801
List the prime factors of 1023068303.
1023068303
List the prime factors of 51999172.
2, 137, 94889
List the prime factors of 173014848.
2, 3, 17, 17669
List the prime factors of 258996152.
2, 37, 874987
List the prime factors of 23273498.
2, 31, 12109
What are the prime factors of 2984957933?
53, 6067, 9283
What are the prime factors of 523784766?
2, 3, 149, 585889
List the prime factors of 7329270724.
2, 17, 97, 1111169
What are the prime factors of 1562414391?
3, 12401, 13999
List the prime factors of 82555822.
2, 1723, 23957
What are the prime factors of 17011064?
2, 7, 31, 41, 239
What are the prime factors of 620676525?
3, 5, 7, 61, 19381
What are the prime factors of 4707559?
379, 12421
What are the prime factors of 239526433?
709, 337837
What are the prime factors of 3273322052?
2, 7, 11, 13, 17, 19, 2531
List the prime factors of 3886787875.
5, 31094303
List the prime factors of 426889212.
2, 3, 41, 89, 9749
List the prime factors of 1760836192.
2, 55026131
List the prime factors of 141956879.
141956879
What are the prime factors of 287197756?
2, 71799439
List the prime factors of 30263586.
2, 3, 1163, 4337
What are the prime factors of 1012322610?
2, 3, 5, 13, 96137
What are the prime factors of 38987058?
2, 3, 11, 590713
List the prime factors of 34901414.
2, 41, 157, 2711
What are the prime factors of 421982102?
2, 210991051
What are the prime factors of 45487045?
5, 19, 478811
What are the prime factors of 320514914?
2, 19, 587, 14369
What are the prime factors of 26229407?
23, 179, 277
List the prime factors of 251736257.
7717, 32621
List the prime factors of 143079277.
11, 53, 245419
List the prime factors of 306994353.
3, 1097, 93283
List the prime factors of 978131313.
3, 31, 3505847
What are the prime factors of 247161332?
2, 11, 37, 157, 967
List the prime factors of 541380269.
16747, 32327
What are the prime factors of 1110189397?
29, 47, 67, 12157
List the prime factors of 3093804249.
3, 1171, 880673
List the prime factors of 53106647.
11, 4827877
What are the prime factors of 14276202?
2, 3, 373, 6379
List the prime factors of 1844701061.
